{"id":73,"date":"2025-02-03T22:10:29","date_gmt":"2025-02-03T21:10:29","guid":{"rendered":"https:\/\/luciearchittapsychologue.com\/?page_id=73"},"modified":"2026-01-03T11:50:49","modified_gmt":"2026-01-03T10:50:49","slug":"therapie","status":"publish","type":"page","link":"https:\/\/luciearchittapsychologue.com\/?page_id=73","title":{"rendered":"Les Th\u00e9rapies"},"content":{"rendered":"\n<div class=\"wp-block-cover alignfull is-light\" style=\"margin-top:0;margin-bottom:0;padding-top:2%;min-height:95px;aspect-ratio:unset;\"><img fetchpriority=\"high\" decoding=\"async\" width=\"1024\" height=\"307\" class=\"wp-block-cover__image-background wp-image-280 size-large\" alt=\"LUCIE ARCHITTA PSYCHOLOGUE\" src=\"https:\/\/luciearchittapsychologue.com\/wp-content\/uploads\/2025\/03\/Design-sans-titre-25-1024x307.png\" data-object-fit=\"cover\" srcset=\"https:\/\/luciearchittapsychologue.com\/wp-content\/uploads\/2025\/03\/Design-sans-titre-25-1024x307.png 1024w, https:\/\/luciearchittapsychologue.com\/wp-content\/uploads\/2025\/03\/Design-sans-titre-25-300x90.png 300w, https:\/\/luciearchittapsychologue.com\/wp-content\/uploads\/2025\/03\/Design-sans-titre-25-768x230.png 768w, https:\/\/luciearchittapsychologue.com\/wp-content\/uploads\/2025\/03\/Design-sans-titre-25-1536x461.png 1536w, https:\/\/luciearchittapsychologue.com\/wp-content\/uploads\/2025\/03\/Design-sans-titre-25-2048x614.png 2048w\" sizes=\"(max-width: 1024px) 100vw, 1024px\" \/><span aria-hidden=\"true\" class=\"wp-block-cover__background has-background-dim-0 has-background-dim\" style=\"background-color:#d8e8d7\"><\/span><div class=\"wp-block-cover__inner-container has-global-padding is-layout-constrained wp-container-core-cover-is-layout-26a3c24e wp-block-cover-is-layout-constrained\">\n<div style=\"height:100px\" aria-hidden=\"true\" class=\"wp-block-spacer\"><\/div>\n<\/div><\/div>\n\n\n\n<div class=\"wp-block-group alignwide is-vertical is-content-justification-center is-layout-flex wp-container-core-group-is-layout-b6c1f246 wp-block-group-is-layout-flex\" style=\"min-height:8rem\">\n<div class=\"wp-block-group has-global-padding is-layout-constrained wp-container-core-group-is-layout-bea02a06 wp-block-group-is-layout-constrained\">\n<h2 class=\"wp-block-heading has-text-align-center has-text-color has-link-color has-cormorant-font-family wp-elements-4f0ccafec7227f21ec5f4d1a2e60de38\" style=\"color:#000000;margin-bottom:1rem;font-size:clamp(2.071rem, 2.071rem + ((1vw - 0.2rem) * 2.98), 3.71rem);font-style:normal;font-weight:400;line-height:1;text-transform:capitalize\">Les Th\u00e9rapies<\/h2>\n<\/div>\n<\/div>\n\n\n\n<section class=\"wp-block-group alignfull has-text-color has-background is-vertical is-content-justification-center is-nowrap is-layout-flex wp-container-core-group-is-layout-cd412320 wp-block-group-is-layout-flex\" style=\"border-style:none;border-width:0px;color:#3e3e3e;background-color:#f8ecec;margin-top:0px;padding-top:2.2rem;padding-right:0;padding-bottom:2.2rem;padding-left:0;font-size:clamp(0.875rem, 0.875rem + ((1vw - 0.2rem) * 0.464), 1.13rem);font-style:normal;font-weight:400;line-height:1.4\">\n<div class=\"wp-block-columns is-layout-flex wp-container-core-columns-is-layout-06b1747e wp-block-columns-is-layout-flex\" style=\"padding-top:0rem;padding-right:0px;padding-bottom:0;padding-left:0px\">\n<div class=\"wp-block-column is-layout-flow wp-block-column-is-layout-flow\" style=\"padding-top:0;padding-bottom:0\">\n<div class=\"wp-block-group has-global-padding is-layout-constrained wp-container-core-group-is-layout-287b5a18 wp-block-group-is-layout-constrained\">\n<h4 class=\"wp-block-heading has-text-align-center has-text-color has-cormorant-font-family\" style=\"color:#000000;margin-top:0rem;margin-bottom:1.01rem;font-size:clamp(1.556rem, 1.556rem + ((1vw - 0.2rem) * 1.916), 2.61rem);font-style:normal;font-weight:400;letter-spacing:0px;line-height:1.3;text-transform:capitalize\">Psychoth\u00e9rapies<\/h4>\n<\/div>\n\n\n\n<p class=\"has-text-align-center has-text-color\" style=\"color:#000000;margin-top:0rem;margin-right:var(--wp--preset--spacing--50);margin-left:var(--wp--preset--spacing--50);padding-right:var(--wp--preset--spacing--30);padding-left:var(--wp--preset--spacing--30);font-size:clamp(14px, 0.875rem + ((1vw - 3.2px) * 0.114), 15px);font-style:normal;font-weight:400;line-height:1.6\">La psychoth\u00e9rapie est un traitement psychologique. Elle vise \u00e0 provoquer des changements d&rsquo;attitudes, de comportements, de mani\u00e8res de penser ou de r\u00e9agir dans le but d\u2019am\u00e9liorer l\u2019\u00e9tat psychique de la personne en souffrance. Elle peut aussi avoir pour objectif de pr\u00e9venir des rechutes. Les m\u00e9canismes d\u2019action varient selon l\u2019approche utilis\u00e9e. De mani\u00e8re g\u00e9n\u00e9rale, ils reposent sur l\u2019id\u00e9e d\u2019une interaction entre le corps, le psychisme et l\u2019environnement.<\/p>\n\n\n\n<h2 class=\"wp-block-heading has-medium-font-size\"><\/h2>\n<\/div>\n<\/div>\n\n\n\n<h4 class=\"wp-block-heading\"><\/h4>\n\n\n\n<h2 class=\"wp-block-heading has-large-font-size\">Approche psychocorporelle<\/h2>\n\n\n\n<p>    Permet de faire le lien entre le corps et les maux de l\u2019esprit. L\u2019alternance entre la verbalisation et les ressentis du corps permet la lib\u00e9ration des \u00e9motions et l\u2019\u00e9vacuation des situations pass\u00e9es.<\/p>\n\n\n\n<h2 class=\"wp-block-heading has-large-font-size\">Pleine conscience :<\/h2>\n\n\n\n<p><br>   La pleine conscience consiste \u00e0 porter attention au moment pr\u00e9sent, dans un espace d\u2019accueil et de bienveillance. Elle propose de laisser aller les pens\u00e9es, les \u00e9motions, pour les accepter telles qu\u2019elles sont, s\u2019en s\u2019y accrocher. Elle offre la possibilit\u00e9 de se centrer sur son corps et d\u2019\u00eatre plus \u00e0 l\u2019\u00e9coute de ses sensations physiques.<\/p>\n\n\n\n<h2 class=\"wp-block-heading has-large-font-size\"><br>psychologie positive :<\/h2>\n\n\n\n<p><br>  Cette pratique permet notamment de r\u00e9tablir un \u00e9quilibre tout en renfor\u00e7ant l\u2019estime de soi et les comp\u00e9tences acquises au cours de la vie. L\u2019accent est mis sur l\u2019utilisation des ressources personnelles pour nourrir la confiance et apporter des solutions pour face aux probl\u00e9matiques pass\u00e9es ou pr\u00e9sentes.<br><br><\/p>\n\n\n\n<div class=\"wp-block-columns is-not-stacked-on-mobile is-layout-flex wp-container-core-columns-is-layout-06b1747e wp-block-columns-is-layout-flex\" style=\"padding-top:0rem;padding-right:0px;padding-bottom:0;padding-left:0px\"><\/div>\n\n\n\n<div class=\"wp-block-cover alignfull is-light is-repeated has-text-color has-link-color wp-elements-a6e9dbd96c08a4b68f2075ce683ab444\" style=\"color:#ffffff;padding-top:0px;min-height:164px;aspect-ratio:unset;\"><div class=\"wp-block-cover__image-background wp-image-393 size-full is-repeated\" style=\"background-position:50% 50%;background-image:url(https:\/\/luciearchittapsychologue.com\/wp-content\/uploads\/2025\/03\/image.png)\"><\/div><span aria-hidden=\"true\" class=\"wp-block-cover__background has-black-background-color has-background-dim-0 has-background-dim\"><\/span><div class=\"wp-block-cover__inner-container is-layout-flow wp-container-core-cover-is-layout-6e392e0f wp-block-cover-is-layout-flow\">\n<div class=\"wp-block-group is-vertical is-content-justification-center is-layout-flex wp-container-core-group-is-layout-ce155fab wp-block-group-is-layout-flex\">\n<div class=\"wp-block-group is-nowrap is-layout-flex wp-container-core-group-is-layout-6c531013 wp-block-group-is-layout-flex\">\n<div class=\"wp-block-group has-global-padding is-layout-constrained wp-block-group-is-layout-constrained\">\n<div class=\"wp-block-buttons is-content-justification-center is-layout-flex wp-container-core-buttons-is-layout-098cc607 wp-block-buttons-is-layout-flex\">\n<div class=\"wp-block-button has-custom-width wp-block-button__width-100\"><a class=\"wp-block-button__link has-text-color has-link-color wp-element-button\" href=\"https:\/\/luciearchittapsychologue.com\/\" style=\"color:#ffffff\">Retour \u00e0 l&rsquo;accueil<\/a><\/div>\n<\/div>\n<\/div>\n<\/div>\n<\/div>\n<\/div><\/div>\n<\/section>\n\n\n\n<p><\/p>\n","protected":false},"excerpt":{"rendered":"<p>Les Th\u00e9rapies Psychoth\u00e9rapies La psychoth\u00e9rapie est un traitement psychologique. Elle vise \u00e0 provoquer des changements d&rsquo;attitudes, de comportements, de mani\u00e8res de penser ou de r\u00e9agir dans le but d\u2019am\u00e9liorer l\u2019\u00e9tat psychique de la personne en souffrance. Elle peut aussi avoir pour objectif de pr\u00e9venir des rechutes. Les m\u00e9canismes d\u2019action varient selon l\u2019approche utilis\u00e9e. De mani\u00e8re [&hellip;]<\/p>\n","protected":false},"author":1,"featured_media":0,"parent":0,"menu_order":0,"comment_status":"closed","ping_status":"closed","template":"","meta":{"footnotes":""},"class_list":["post-73","page","type-page","status-publish","hentry"],"_links":{"self":[{"href":"https:\/\/luciearchittapsychologue.com\/index.php?rest_route=\/wp\/v2\/pages\/73","targetHints":{"allow":["GET"]}}],"collection":[{"href":"https:\/\/luciearchittapsychologue.com\/index.php?rest_route=\/wp\/v2\/pages"}],"about":[{"href":"https:\/\/luciearchittapsychologue.com\/index.php?rest_route=\/wp\/v2\/types\/page"}],"author":[{"embeddable":true,"href":"https:\/\/luciearchittapsychologue.com\/index.php?rest_route=\/wp\/v2\/users\/1"}],"replies":[{"embeddable":true,"href":"https:\/\/luciearchittapsychologue.com\/index.php?rest_route=%2Fwp%2Fv2%2Fcomments&post=73"}],"version-history":[{"count":55,"href":"https:\/\/luciearchittapsychologue.com\/index.php?rest_route=\/wp\/v2\/pages\/73\/revisions"}],"predecessor-version":[{"id":726,"href":"https:\/\/luciearchittapsychologue.com\/index.php?rest_route=\/wp\/v2\/pages\/73\/revisions\/726"}],"wp:attachment":[{"href":"https:\/\/luciearchittapsychologue.com\/index.php?rest_route=%2Fwp%2Fv2%2Fmedia&parent=73"}],"curies":[{"name":"wp","href":"https:\/\/api.w.org\/{rel}","templated":true}]}}